
Let h(j) = -j**2 + 5*j - 6. Let p be h(3). Let m = 12 - p. What is the tens digit of m?
1
What is the tens digit of -2*(-1199)/(-33)*6/(-2)?
1
Let g(l) = 9*l**2 + 2*l. Let s(p) = 154*p**2 + 35*p. Let h(m) = 105*g(m) - 6*s(m). What is the tens digit of h(1)?
2
Suppose 3*d = 2*x + 6, -3*x + 0*d = -2*d + 9. What is the tens digit of (-1)/(212/72 + x)?
1
Suppose d = 4*d - 6. Let v = -1 + d. What is the units digit of 0 + 0/2 + v?
1
Suppose 2*u - 6 = 0, -2*g - u = -2 + 19. What is the tens digit of 1 - ((1 - 3) + g)?
1
Let u(s) = s**3 - 2*s**2 + 3*s - 3. Let r be u(3). Let v = r - 5. What is the units digit of v?
0
Suppose 8*x + 2*x - 2820 = 0. What is the hundreds digit of x?
2
Let l(x) = -2*x**2 + 8*x + 2. Let w(g) = g**2 - 7*g - 2. Suppose -2*k - 9 + 3 = 0. Let h(v) = k*l(v) - 4*w(v). What is the units digit of h(-3)?
8
Let m(f) = f**3 - 6*f**2 - 5*f - 10. Let c be m(7). Suppose 6 = -3*u + c*u. What is the units digit of u?
6
Let x(a) = a**2 + 10*a - 13. Let s be x(-13). What is the tens digit of (-4)/s - 914/(-26)?
3
Let k = -21 - -29. What is the units digit of k?
8
Let m(b) be the third derivative of -b**4/24 + 4*b**3/3 + 3*b**2. What is the units digit of m(6)?
2
Let x(m) = m**2 + 2*m - 3. Let t be x(-3). Let j(u) = -u + 13. What is the tens digit of j(t)?
1
Let l be (-2)/(-4)*(1 + 107). Suppose 36 + l = 5*t. What is the tens digit of t?
1
Let h(o) = -o**3 + 3*o**2 + 2*o + 3. What is the units digit of h(3)?
9
Suppose 0 = 4*a, 0 = -5*l - 2*a - 17 + 47. Let o(w) = -w**2 + 8*w + 1. What is the units digit of o(l)?
3
Suppose 0 = -4*u + 11 + 9. Suppose -5*n = -3*g + 16, -4*n - 5 = -g + u. Suppose 4*l - l + 3*f - 21 = 0, -4 = 3*l - g*f. What is the units digit of l?
2
Let w(k) = -k**3 + 4*k**2 + 6*k - 5. Let c be w(5). Let x(l) = l**3 - l**2 + 12. Let n be x(c). Suppose -p + 5*p = n. What is the units digit of p?
3
Let y(c) = c**3 - 7*c**2 - 7*c - 4. Let z be y(8). Suppose -z = -a - 3*a. What is the units digit of a?
1
Suppose 0*k - 2*k - 16 = 0. Let z be (-4)/k*0/(-1). Suppose 39 = -z*o + 3*o. What is the units digit of o?
3
Let b be (2 + -2)*4/8. Suppose s + b = 2. What is the units digit of s?
2
Suppose 0 = 4*o - 9*o + 10. Suppose p - o = 8. What is the tens digit of p?
1
Suppose 0 = -2*t - 3*q + 148 - 31, -4*t + 207 = -3*q. What is the tens digit of t?
5
Let f(c) = 2*c + 2. Let x be f(0). Suppose 3*r + v - 6 = 0, -2 = 4*v + 10. Let y = r - x. What is the units digit of y?
1
What is the tens digit of (-28)/(-35)*35/2?
1
Let c(b) = -4*b + 3. Let y be c(-12). Let g = y - 24. What is the tens digit of g?
2
Let a = -12 - 110. What is the units digit of (a + 6)*(-1)/4?
9
Suppose 0*b - 2*b = -32. What is the units digit of (8/b)/((-1)/(-28))?
4
Let b = 59 + -20. Let h = 55 - b. Suppose -t = t - h. What is the units digit of t?
8
Let b = 118 - -41. What is the hundreds digit of b?
1
Let a(d) = -d**2 - 27*d + 5. What is the tens digit of a(-15)?
8
Suppose z + 2*q = 17, 3*q + 31 = 3*z + 5*q. Let v = z + -3. What is the units digit of v?
4
Let s = 12 + -7. Suppose 0*f + s = f. What is the units digit of 0 + (f/1 - 1)?
4
Let v(h) = -2*h. Let z be v(1). What is the units digit of 27 - -2 - (1 - z)?
6
Suppose 3*p + 5*y - 13 = 0, 3*p = 2*p - 5*y + 21. Let i(t) = t**3 + 5*t**2 + 3*t - 1. Let b be i(p). Let k = 3 + b. What is the units digit of k?
6
Suppose -4*v = 2*o - 10 - 4, 11 = 2*v + 5*o. Suppose v*k - 36 = -0*k. What is the tens digit of k?
1
Let j be 7 - 7 - (1 + 0). What is the units digit of (j + 0 + 3)*10?
0
Let k(s) = 2*s - 2. Let p be k(7). Let h(i) = -4*i**2 - 3*i + 11 + 0*i + i**3 + p*i + 14*i**2. What is the units digit of h(-9)?
1
Let g = 14 - 9. Suppose 87 = g*f + 2*v, -2*f = 4*v - 3*v - 34. What is the units digit of f?
9
Let g(k) = k**3 + 7*k**2 - 6*k + 1. Let f(n) = n**2 + 6*n + 2. Let t be f(-3). What is the units digit of g(t)?
3
Let t = -115 + 246. What is the tens digit of t?
3
Suppose 15*u - 19*u = -444. What is the units digit of u?
1
Suppose -5*x + 9 = -2*x. Suppose a = 4*z + 22, -x*a - z = 4*z - 15. What is the units digit of a?
0
Let h(a) = a. Let c be h(-3). Suppose 4*z + 0*z = 0. Let d = z - c. What is the units digit of d?
3
Let a(y) = 3*y**2 + 2*y + 9. What is the units digit of a(6)?
9
Let g be 1/3 - (-2)/3. Let i be 8/2*21/14. Let l = i + g. What is the units digit of l?
7
Suppose -2*x = -2*w + 32, -48 = -w - 2*w - 5*x. What is the units digit of w?
6
Suppose 4*r - 2*r = -4*w + 22, 3*r = 2*w + 73. Let m = -9 + r. What is the tens digit of m?
1
What is the tens digit of (2/(-6))/(2/(-210))?
3
Suppose 8 + 2 = 2*c. Let p = 4 - c. Let q(r) = -10*r**3 - 2*r**2 - 2*r - 1. What is the units digit of q(p)?
9
Let v = 12 + -7. What is the units digit of v?
5
Suppose 7*y - 21*y + 3038 = 0. What is the hundreds digit of y?
2
Let a be -2*-5*1/(-2). Let n be (-5)/(-2)*(-4)/a. Suppose n*l = -2*l - 3*z + 28, -4*z = -2*l + 36. What is the tens digit of l?
1
Let x = -717 - -1117. What is the hundreds digit of x?
4
What is the units digit of (-1 + 26)*(5 - 2)?
5
Suppose -1 = -4*r + s + 16, r - 2 = s. Suppose 0 = -g + 3*i - 9, -5*g = -4*g - 4*i + 13. Suppose r*u = g*u + 36. What is the tens digit of u?
1
Let z(n) = -3*n**2 - 2*n + 5. Let v(t) = 5*t**2 + 4*t - 10. Let j(l) = 4*v(l) + 7*z(l). Let s be j(4). What is the units digit of -1 + 0 - (s + -3)?
5
Let z = 25 + -14. Let s = z + 5. What is the tens digit of s?
1
Suppose 0 = 4*l + 3*u - 6*u - 209, 3*l - 162 = 4*u. What is the units digit of l?
0
Suppose -3*z - 15 + 3 = 0. Let x = 7 + z. Suppose 0*w - x*w + 3 = 0. What is the units digit of w?
1
Let p be 4/10 - (-39)/15. Suppose -p*b = 2*b. Let l = b - -6. What is the units digit of l?
6
Suppose -10 = -2*y - 4. Let g(i) = -i**3 + 4*i**2 - i - 4. Let q be g(y). Suppose -q = -h - h. What is the units digit of h?
1
Suppose 0*o + o = 33. Suppose -5*u = 4*i - o, -29 = -4*i + 2*i - 5*u. What is the units digit of 45/12 + i/8?
4
Let a = 59 + 22. What is the tens digit of a?
8
Suppose -3*q - 295 = -8*q. What is the tens digit of q?
5
Let c(r) = 6*r - 1. Let k be c(3). Suppose -2*h = -3*x + 19, k = 2*h + 4*x + 1. What is the units digit of (-1 + 0)/(h/18)?
9
Let i = 15 - 2. What is the units digit of i?
3
Suppose 5*g - 272 = 708. What is the hundreds digit of g?
1
Suppose 5*b - 35 = -5*z - 0*b, -20 = -4*b. Let j(h) = 8*h - 3. What is the tens digit of j(z)?
1
Let v(p) be the second derivative of p**5/20 - 5*p**4/6 + 7*p**3/3 - 5*p**2/2 + 9*p. What is the units digit of v(9)?
0
Let r = -106 + 171. Let f = r - 44. What is the units digit of f?
1
Suppose 3*w - 4*w + 35 = 0. What is the tens digit of w?
3
Suppose 0 = -b + 4*b. Suppose b*z + 3*z - 6 = 0. Suppose -13 - z = -5*x. What is the units digit of x?
3
Suppose -2*w = -3*w + 18. What is the units digit of w?
8
Let l(r) = 4*r**2 - r - 6. What is the units digit of l(-3)?
3
Suppose 4*l + l + 5 = 0. Let a be (l - -1 - -1)/1. Let r(m) = 4*m**3 + 2*m**2 - m. What is the units digit of r(a)?
5
What is the hundreds digit of 0/(-1) + (9 - -132)?
1
Let o(x) = -x**3 + 7*x**2 + 7*x - 9. Let b be o(6). Suppose 0 = 2*a + a - b. What is the tens digit of a?
2
Let w(q) be the third derivative of -q**6/120 + q**5/10 - q**4/24 + 4*q**3/3 - q**2. Let x = -2 - -8. What is the units digit of w(x)?
2
Suppose 5*h + 2*l - 4*l - 19 = 0, 9 = 3*l. Let z(n) = -n**3 - 3*n**2 + 5*n + 6. Let t be z(-4). Suppose -t*b + 17 = -h. What is the units digit of b?
1
Let x(o) be the first derivative of o**4/4 + 7*o**3/3 + 7*o**2/2 + 3*o + 2. Let j be x(-6). What is the units digit of 3*(-5)/j + 1?
6
Let f = -48 + 160. What is the tens digit of f?
1
Let n(v) = 21*v**2 - v + 1. Let w be n(1). Suppose -4*z + z = -w. What is the units digit of z?
7
Suppose -2*m - 20 = 3*m. Let k(l) = -2*l. Let w(n) = -2*n. Let c(i) = 7*k(i) - 6*w(i). What is the units digit of c(m)?
8
Let p = 5 - -3. Let f(q) = q**2 - 5*q - 6. What is the units digit of f(p)?
8
What is the units digit of 143 + (-1 - 0)/(5/(-10))?
5
Suppose 0 = u - 0*u - 1. What is the units digit of (-13)/(-3) - u/3?
4
Suppose 40 - 304 = -11*a. What is the units digit of a?
4
Let t(i) = i**2 + 2*i - 4. What is the tens digit of t(-5)?
1
Let y(a) = -a - 5*a**2 - 6*a + 14 + 4*a**2 - 6*a. What is the tens digit of y(-10)?
4
What is the units digit of (-2 - -747)*((-154)/(-35) - 4)?
8
Let x 